{"id":78,"date":"2024-12-19T08:08:07","date_gmt":"2024-12-19T08:08:07","guid":{"rendered":"https:\/\/dunch.eu\/index.php\/dunch-it-services-reliable-solutions-for-your-it-needs-francais\/"},"modified":"2024-12-22T21:57:50","modified_gmt":"2024-12-22T21:57:50","slug":"dunch-it-services-reliable-solutions-for-your-it-needs-francais","status":"publish","type":"page","link":"https:\/\/dunch.eu\/index.php\/fr\/dunch-it-services-reliable-solutions-for-your-it-needs-francais\/","title":{"rendered":"Dunch Services Informatiques \u2013 Votre partenaire pour des solutions informatiques fiables et efficaces"},"content":{"rendered":"\n<div class=\"wp-block-cover alignfull\" style=\"min-height:394px\"><span aria-hidden=\"true\" class=\"wp-block-cover__background has-background-dim-100 has-background-dim has-background-gradient has-midnight-gradient-background\"><\/span><div class=\"wp-block-cover__inner-container is-layout-flow wp-block-cover-is-layout-flow\">\n<h1 class=\"wp-block-heading has-text-align-center has-white-color has-text-color\">Dunch Conseil et Services Informatiques<br>Votre partenaire pour des solutions informatiques fiables et efficaces<\/h1>\n\n\n\n<div class=\"inherit-container-width wp-block-group alignwide is-layout-constrained wp-block-group-is-layout-constrained\">\n<div class=\"wp-block-media-text alignwide has-media-on-the-right is-stacked-on-mobile is-vertically-aligned-center has-ast-global-color-4-color has-text-color has-link-color wp-elements-6f8d8b50c45374a7940e4c4d1931d6ac\" style=\"grid-template-columns:auto 24%\"><div class=\"wp-block-media-text__content\">\n<p class=\"has-text-align-center has-ast-global-color-4-color has-text-color has-link-color wp-elements-7608d9fce320ad63ce11ffec2ac03cd6\">Chez Dunch, nous sommes l\u00e0 pour soutenir votre entreprise avec des services informatiques personnalis\u00e9s. Que vous soyez confront\u00e9 \u00e0 l&#8217;int\u00e9grations de syst\u00e8mes complexes, que vous ayez besoin d\u2019une infrastructure informatique robuste ou que vous recherchiez des solutions logicielles sur mesure, nous vous apportons l\u2019expertise dont vous avez besoin.<\/p>\n<\/div><figure class=\"wp-block-media-text__media\"><img decoding=\"async\" src=\"https:\/\/dunch.eu\/wp-content\/themes\/astra\/inc\/assets\/images\/starter-content\/hero-img.svg\" alt=\"\" class=\"wp-image-118 size-full\"\/><\/figure><\/div>\n<\/div>\n<\/div><\/div>\n\n\n\n<div class=\"wp-block-group alignfull is-layout-constrained wp-container-core-group-layout-2 wp-block-group-is-layout-constrained\" id=\"services\" style=\"padding-top:144px;padding-bottom:0px\">\n<h2 class=\"wp-block-heading has-ast-global-color-1-color has-text-color has-link-color wp-elements-9660db56203c866b1387ba62442dda7c\">Nos services<\/h2>\n<\/div>\n\n\n\n<div class=\"wp-block-group alignfull has-ast-global-color-5-background-color has-background is-layout-constrained wp-container-core-group-layout-3 wp-block-group-is-layout-constrained\" style=\"padding-bottom:0px\">\n<div class=\"wp-block-columns are-vertically-aligned-top is-layout-flex wp-container-core-columns-layout-1 wp-block-columns-is-layout-flex\">\n<div class=\"wp-block-column is-vertically-aligned-top is-layout-flow wp-container-core-column-layout-1 wp-block-column-is-layout-flow\">\n<figure class=\"wp-block-image size-full\"><img loading=\"lazy\" decoding=\"async\" width=\"900\" height=\"600\" src=\"https:\/\/dunch.eu\/wp-content\/uploads\/2024\/12\/IT-ACRH.jpg\" alt=\"\" class=\"wp-image-29\" srcset=\"https:\/\/dunch.eu\/wp-content\/uploads\/2024\/12\/IT-ACRH.jpg 900w, https:\/\/dunch.eu\/wp-content\/uploads\/2024\/12\/IT-ACRH-300x200.jpg 300w, https:\/\/dunch.eu\/wp-content\/uploads\/2024\/12\/IT-ACRH-768x512.jpg 768w\" sizes=\"(max-width: 900px) 100vw, 900px\" \/><\/figure>\n\n\n\n<h3 class=\"wp-block-heading has-text-align-left has-ast-global-color-1-color has-text-color has-link-color wp-elements-8d075957c4796e048d2ce53847aab997\" style=\"margin-top:16px\">Architecture IT<\/h3>\n\n\n\n<p class=\"has-text-align-left\">Conception et mise en \u0153uvre de structures informatiques \u00e9volutives et p\u00e9rennes.<\/p>\n<\/div>\n\n\n\n<div class=\"wp-block-column is-vertically-aligned-top is-layout-flow wp-container-core-column-layout-2 wp-block-column-is-layout-flow\">\n<figure class=\"wp-block-image size-full\"><img loading=\"lazy\" decoding=\"async\" width=\"1000\" height=\"646\" src=\"https:\/\/dunch.eu\/wp-content\/uploads\/2024\/12\/IT-infra.jpg\" alt=\"\" class=\"wp-image-32\" srcset=\"https:\/\/dunch.eu\/wp-content\/uploads\/2024\/12\/IT-infra.jpg 1000w, https:\/\/dunch.eu\/wp-content\/uploads\/2024\/12\/IT-infra-300x194.jpg 300w, https:\/\/dunch.eu\/wp-content\/uploads\/2024\/12\/IT-infra-768x496.jpg 768w\" sizes=\"(max-width: 1000px) 100vw, 1000px\" \/><\/figure>\n\n\n\n<h3 class=\"wp-block-heading has-text-align-left has-ast-global-color-1-color has-text-color has-link-color wp-elements-87b3327918267539c83fcfc7d9cc6b6b\" style=\"margin-top:16px\">Infrastructure IT<\/h3>\n\n\n\n<p class=\"has-text-align-left\">Optimisation de vos r\u00e9seaux, mat\u00e9riels et environnements cloud pour des performances maximales.<\/p>\n<\/div>\n\n\n\n<div class=\"wp-block-column is-vertically-aligned-top is-layout-flow wp-container-core-column-layout-3 wp-block-column-is-layout-flow\">\n<figure class=\"wp-block-gallery has-nested-images columns-default is-cropped wp-block-gallery-1 is-layout-flex wp-block-gallery-is-layout-flex\">\n<figure class=\"wp-block-image size-full\"><img loading=\"lazy\" decoding=\"async\" width=\"1254\" height=\"836\" src=\"https:\/\/dunch.eu\/wp-content\/uploads\/2024\/12\/IT-Systems-Integrations-Featured.jpg\" alt=\"\" class=\"wp-image-64\" srcset=\"https:\/\/dunch.eu\/wp-content\/uploads\/2024\/12\/IT-Systems-Integrations-Featured.jpg 1254w, https:\/\/dunch.eu\/wp-content\/uploads\/2024\/12\/IT-Systems-Integrations-Featured-300x200.jpg 300w, https:\/\/dunch.eu\/wp-content\/uploads\/2024\/12\/IT-Systems-Integrations-Featured-1024x683.jpg 1024w, https:\/\/dunch.eu\/wp-content\/uploads\/2024\/12\/IT-Systems-Integrations-Featured-768x512.jpg 768w\" sizes=\"(max-width: 1254px) 100vw, 1254px\" \/><\/figure>\n<\/figure>\n\n\n\n<h3 class=\"wp-block-heading has-text-align-left has-ast-global-color-1-color has-text-color has-link-color wp-elements-7cd3f04811dd04cad531d3f391198e2d\" style=\"margin-top:16px\">Int\u00e9gration de Syst\u00e8mes<\/h3>\n\n\n\n<p class=\"has-text-align-left\">Interconnexion fluide de diff\u00e9rents syst\u00e8mes et applications au sein de votre organisation.<\/p>\n<\/div>\n\n\n\n<div class=\"wp-block-column is-vertically-aligned-top is-layout-flow wp-container-core-column-layout-4 wp-block-column-is-layout-flow\">\n<figure class=\"wp-block-image size-full\"><img loading=\"lazy\" decoding=\"async\" width=\"562\" height=\"363\" src=\"https:\/\/dunch.eu\/wp-content\/uploads\/2024\/12\/it-software-development.jpg\" alt=\"\" class=\"wp-image-59\" srcset=\"https:\/\/dunch.eu\/wp-content\/uploads\/2024\/12\/it-software-development.jpg 562w, https:\/\/dunch.eu\/wp-content\/uploads\/2024\/12\/it-software-development-300x194.jpg 300w\" sizes=\"(max-width: 562px) 100vw, 562px\" \/><\/figure>\n\n\n\n<h3 class=\"wp-block-heading has-text-align-left has-ast-global-color-1-color has-text-color has-link-color wp-elements-cda1bd683f988cc238d1f6e4055e82b8\" style=\"margin-top:16px\">D\u00e9veloppement de Logiciels<\/h3>\n\n\n\n<p>Solutions personnalis\u00e9es parfaitement adapt\u00e9es aux objectifs de votre entreprise.<\/p>\n<\/div>\n\n\n\n<div class=\"wp-block-column is-vertically-aligned-top is-layout-flow wp-container-core-column-layout-5 wp-block-column-is-layout-flow\">\n<figure class=\"wp-block-image size-full\"><img loading=\"lazy\" decoding=\"async\" width=\"474\" height=\"210\" src=\"https:\/\/dunch.eu\/wp-content\/uploads\/2024\/12\/consult.webp\" alt=\"\" class=\"wp-image-72\" style=\"aspect-ratio:3\/2;object-fit:cover\" srcset=\"https:\/\/dunch.eu\/wp-content\/uploads\/2024\/12\/consult.webp 474w, https:\/\/dunch.eu\/wp-content\/uploads\/2024\/12\/consult-300x133.webp 300w\" sizes=\"(max-width: 474px) 100vw, 474px\" \/><\/figure>\n\n\n\n<h3 class=\"wp-block-heading has-text-align-left has-ast-global-color-1-color has-text-color has-link-color wp-elements-ae70070a355ddb10d185258b5b77a9ab\" style=\"margin-top:16px\">Conseil IT<\/h3>\n\n\n\n<p>Conseils pratiques et assistance sur une large gamme de probl\u00e9matiques informatiques.<\/p>\n<\/div>\n<\/div>\n<\/div>\n\n\n\n<div class=\"wp-block-group alignfull is-layout-constrained wp-container-core-group-layout-4 wp-block-group-is-layout-constrained\" id=\"whyus\" style=\"padding-top:144px;padding-bottom:144px\">\n<h2 class=\"wp-block-heading has-ast-global-color-1-color has-text-color has-link-color wp-elements-c4700b005d0bca6351f069028f058a14\">Pourquoi choisir Dunch<\/h2>\n\n\n\n<p>Chez Dunch, nous privil\u00e9gions une approche sur mesure et des solutions durables. Nous prenons le temps de comprendre vos besoins, analysons vos attentes et proposons des services efficaces pour accompagner la croissance de votre entreprise.<\/p>\n<\/div>\n\n\n\n<div class=\"wp-block-group alignfull has-ast-global-color-0-background-color has-background is-layout-constrained wp-container-core-group-layout-5 wp-block-group-is-layout-constrained\" id=\"contact\" style=\"padding-top:104px;padding-bottom:104px\">\n<h2 class=\"wp-block-heading has-text-align-center has-text-color\" style=\"color:#ffffff\">Contactez-nous!<\/h2>\n\n\n\n<p class=\"has-text-align-center has-ast-global-color-5-color has-text-color has-link-color wp-elements-f3c43133d26a8b2b4a1540eb80066f15\">Vous avez besoin d\u2019aide ? Contactez-nous d\u00e8s aujourd\u2019hui pour une consultation sans engagement et d\u00e9couvrez comment nous pouvons r\u00e9soudre vos d\u00e9fis informatiques.<\/p>\n\n\n\n<p class=\"has-text-align-center has-ast-global-color-5-color has-text-color has-link-color wp-elements-a81e4b7d37010ef5bdb48038b977c506\">\ud83d\udce7 Email: <a href=\"mailto:info@dunch.eu\">info@dunch.eu<\/a><br>\ud83d\udcde Phone: +31 6 29 08 99 53<\/p>\n\n\n\n<div class=\"wp-block-buttons alignwide is-horizontal is-content-justification-center is-layout-flex wp-container-core-buttons-layout-1 wp-block-buttons-is-layout-flex\" style=\"margin-top:50px\">\n<div class=\"wp-block-button\"><a class=\"wp-block-button__link wp-element-button\">CCI (Pays-Bas): 60629967 &#8211; TVA: NL002045714B23<\/a><\/div>\n<\/div>\n<\/div>\n","protected":false},"excerpt":{"rendered":"<p>Nos services Architecture IT Conception et mise en \u0153uvre de structures informatiques \u00e9volutives et p\u00e9rennes. Infrastructure IT Optimisation de vos [&hellip;]<\/p>\n","protected":false},"author":1,"featured_media":0,"parent":0,"menu_order":0,"comment_status":"closed","ping_status":"closed","template":"","meta":{"site-sidebar-layout":"no-sidebar","site-content-layout":"plain-container","ast-site-content-layout":"","site-content-style":"default","site-sidebar-style":"default","ast-global-header-display":"","ast-banner-title-visibility":"disabled","ast-main-header-display":"","ast-hfb-above-header-display":"","ast-hfb-below-header-display":"","ast-hfb-mobile-header-display":"","site-post-title":"disabled","ast-breadcrumbs-content":"","ast-featured-img":"","footer-sml-layout":"disabled","theme-transparent-header-meta":"enabled","adv-header-id-meta":"","stick-header-meta":"","header-above-stick-meta":"","header-main-stick-meta":"","header-below-stick-meta":"","astra-migrate-meta-layouts":"default","ast-page-background-enabled":"default","ast-page-background-meta":{"desktop":{"background-color":"var(--ast-global-color-4)","background-image":"","background-repeat":"repeat","background-position":"center center","background-size":"auto","background-attachment":"scroll","background-type":"","background-media":"","overlay-type":"","overlay-color":"","overlay-opacity":"","overlay-gradient":""},"tablet":{"background-color":"","background-image":"","background-repeat":"repeat","background-position":"center center","background-size":"auto","background-attachment":"scroll","background-type":"","background-media":"","overlay-type":"","overlay-color":"","overlay-opacity":"","overlay-gradient":""},"mobile":{"background-color":"","background-image":"","background-repeat":"repeat","background-position":"center center","background-size":"auto","background-attachment":"scroll","background-type":"","background-media":"","overlay-type":"","overlay-color":"","overlay-opacity":"","overlay-gradient":""}},"ast-content-background-meta":{"desktop":{"background-color":"var(--ast-global-color-5)","background-image":"","background-repeat":"repeat","background-position":"center center","background-size":"auto","background-attachment":"scroll","background-type":"","background-media":"","overlay-type":"","overlay-color":"","overlay-opacity":"","overlay-gradient":""},"tablet":{"background-color":"var(--ast-global-color-5)","background-image":"","background-repeat":"repeat","background-position":"center center","background-size":"auto","background-attachment":"scroll","background-type":"","background-media":"","overlay-type":"","overlay-color":"","overlay-opacity":"","overlay-gradient":""},"mobile":{"background-color":"var(--ast-global-color-5)","background-image":"","background-repeat":"repeat","background-position":"center center","background-size":"auto","background-attachment":"scroll","background-type":"","background-media":"","overlay-type":"","overlay-color":"","overlay-opacity":"","overlay-gradient":""}},"footnotes":""},"_links":{"self":[{"href":"https:\/\/dunch.eu\/index.php\/wp-json\/wp\/v2\/pages\/78"}],"collection":[{"href":"https:\/\/dunch.eu\/index.php\/wp-json\/wp\/v2\/pages"}],"about":[{"href":"https:\/\/dunch.eu\/index.php\/wp-json\/wp\/v2\/types\/page"}],"author":[{"embeddable":true,"href":"https:\/\/dunch.eu\/index.php\/wp-json\/wp\/v2\/users\/1"}],"replies":[{"embeddable":true,"href":"https:\/\/dunch.eu\/index.php\/wp-json\/wp\/v2\/comments?post=78"}],"version-history":[{"count":15,"href":"https:\/\/dunch.eu\/index.php\/wp-json\/wp\/v2\/pages\/78\/revisions"}],"predecessor-version":[{"id":139,"href":"https:\/\/dunch.eu\/index.php\/wp-json\/wp\/v2\/pages\/78\/revisions\/139"}],"wp:attachment":[{"href":"https:\/\/dunch.eu\/index.php\/wp-json\/wp\/v2\/media?parent=78"}],"curies":[{"name":"wp","href":"https:\/\/api.w.org\/{rel}","templated":true}]}}